3/(-1) - -1 - -11. Let j be 12/u*3/(-2). What is the units digit of j*(0 + (-9)/6)?
3
Let q be (1*3)/((-1)/(-1)). Suppose 6 = -d + v, d + v - 14 = -3*v. Let j = q + d. What is the units digit of j?
1
Let t be ((-2)/6)/(10/(-120)). Let o(y) = 4*y - 10. Let m be o(7). Suppose -t*p = -m + 6. What is the units digit of p?
3
Let n(l) = -33*l. What is the units digit of n(-2)?
6
Let k be (-2)/3 - 11/(-3). Let v be (-4)/k*(0 - 3). Suppose -3*r - 15 = -t + 2*r, v*t + 4*r - 84 = 0. What is the units digit of t?
0
Suppose 4*w - 132 = -8. Suppose -4*n - w - 21 = 0. Let f = -6 - n. What is the units digit of f?
7
Let q(o) = o**2 - 3*o - 1. Suppose -2*w + 3*c - 47 = -7*w, -2*c = 5*w - 43. What is the tens digit of q(w)?
2
Suppose 0 = 7*k - 3*k - 8. Suppose 3*n - 22 = k*n. What is the tens digit of n?
2
Let p(m) = -2*m - 8. Let b be p(-6). Suppose -b*o + 14 = -6. Suppose o + 0 = h. What is the units digit of h?
5
Suppose 3 = 4*r - v - 11, -3*v + 6 = 0. Suppose -2*c = -r*c + 122. What is the units digit of c?
1
Let q(b) = b**3 + 7*b**2 - b - 3. Let x be q(-7). Suppose 3*h + 3*o - 42 = 3, -100 = -x*h + 4*o. What is the units digit of h?
0
Let p = 422 - 249. What is the units digit of p?
3
Let p(h) = -2*h + 4. Let x be p(-6). Let d = 27 - x. What is the tens digit of d?
1
Suppose -3*a - 2*c + 7*c = -254, a - 90 = 3*c. What is the units digit of a?
8
Suppose 2*f - 4*s - 26 = 0, 5*f - s = s + 89. What is the tens digit of f?
1
Let f(b) = 2*b - 3. Suppose -4*j + 3*i = 11, j - 4*i - 1 = -7. Let s be j/2*(-2 + -3). What is the units digit of f(s)?
7
What is the units digit of (6/30*-44)/((-2)/45)?
8
Let a be (-9 + -1)*(-48)/30. Suppose -a = 5*w - 1, -5*w = -5*f - 65. Let t = -4 - f. What is the units digit of t?
2
Let q(w) = -w**2 - w. Let h(g) = 3*g**2 + 7*g + 1. Let r(x) = -h(x) - 4*q(x). Suppose 0*z + 15 = 3*z. What is the units digit of r(z)?
9
Suppose 6*w - 7*w = -83. What is the units digit of w?
3
Let v(l) = 2*l**2 - 4*l**3 - l + 0*l + 2*l. Let a be (-3 - -5)/(-1 + -1). What is the units digit of v(a)?
5
Let h(n) = n**3 + 4*n**2 - 9*n + 3. Let r be h(5). Suppose j - 29 = -3*c, -2*j + 7*j - 4*c = r. What is the units digit of j?
5
Let q(p) = p**3 - 6*p**2 - 4*p - 1. Let z be q(7). Suppose o - 6*o = -z. Suppose -v + 3*s = -17, 3*v - o*s = -v + 44. What is the units digit of v?
8
Let j(f) = -2*f**2 - 12*f + 16. What is the units digit of j(-7)?
2
Suppose -y = -3*r - 279, -4*y - r = 645 - 1813. What is the units digit of y?
1
Suppose 5*p + 0*p = -2*t + 8, -1 = 2*p + 5*t. Let g be p/((-33)/(-15) - 2). Let i = g - 1. What is the units digit of i?
9
Let s(j) = -j**3 - 10*j**2 + 15*j + 10. Let v be s(-11). Let y = -16 - v. What is the units digit of y?
8
Let b(n) = -21*n - 2. Let o be b(-3). Let a = -7 + o. What is the tens digit of a?
5
Suppose -4*h + 520 - 112 = 0. What is the units digit of h?
2
Suppose 5*v - d = 23, -v - 3*d = -0 + 5. What is the units digit of v?
4
Let d = 49 + -28. Let z = d - 11. What is the units digit of z?
0
Let i be ((-4)/(-3))/(4/6). What is the units digit of i - 3/((-12)/20)?
7
Suppose -7 = p - 30. Let j = p + -12. What is the units digit of j?
1
Suppose -4*x + 144 = a, 2*x - 4*x - 2*a = -78. Let o = x + -18. What is the tens digit of o?
1
Let v(d) = d**2 + 7*d + 5. Suppose 3*a = 7*a + 5*s + 29, 3*s = -2*a - 15. Let o be v(a). What is the units digit of (o + -1)*1 + 5?
3
Suppose 1722 = 23*w - 5270. What is the units digit of w?
4
Suppose 2*q - 5*o + 17 = 0, -8 = -3*q - 3*o + 19. Suppose 0*w - 10 = -2*w, 3*j = -q*w + 80. What is the tens digit of j?
2
Suppose -9*s = -11*s + 20. What is the tens digit of s?
1
Let g(o) = -2*o - 1. Let n(s) = -s**3 - 9*s**2 + 10*s - 4. Let b(y) = y**3 + 4*y**2 - 2*y + 5. Let w be b(-5). Let t be n(w). What is the units digit of g(t)?
7
Suppose -2*x + 3*x = 0. Suppose x = -3*r - 4*d + 99 - 21, -35 = -2*r + 3*d. What is the units digit of r?
2
Let j(o) = -o**3 - 7*o**2 + o - 7. Let m be j(-5). What is the tens digit of m/2*(1 + -2)?
3
Let l(z) = z**3 + 9*z**2 + 7*z - 8. Let t be l(-8). Suppose 0 = -f + 3*f + 10. Let h = t - f. What is the units digit of h?
5
Suppose -6 = 4*t + 2. What is the units digit of 42/8 + t/8?
5
Let f = -140 + 216. What is the units digit of f?
6
Let s be (-7)/(-1) + -3 + 0. Suppose -45 = -3*r - 2*r + 3*o, -2*o = 5*r - 20. Suppose -34 = -s*f + 2*w, -5*f - w + r*w = -40. What is the units digit of f?
9
Suppose 0 = 4*b - 5 - 7. Let i = 7 - b. Suppose 0 = -j + i*h + 11, 0 = -4*j - 4*h + 2*h + 8. What is the units digit of j?
3
Suppose 0 = -4*i - i. Let n be (i/1)/(2/(-2)). Suppose -l = 5, n*v + 3*l = -5*v - 5. What is the units digit of v?
2
Let q be 3/2*(9 + -7). Suppose 2*a - 2 - 4 = 0, 3*a - 75 = -q*d. What is the units digit of d?
2
Let i(y) = 5*y**3 + 2*y**2 - 2*y + 1. Let h be i(1). Suppose -u + 24 = h. What is the tens digit of u?
1
Let o = -2 - -2. Suppose -i + 10 + 1 = o. What is the units digit of i?
1
Suppose 8 = 4*k - 4. Suppose -9 = 4*a - 5*x, 2*a + k*x - 16 = 7. What is the units digit of a?
4
Let w be (-60)/14 + 10/35. Let s(c) = -c**3 - 3*c**2 - c - 2. Let q be s(w). What is the units digit of (-2)/((8/q)/(-2))?
9
Let a be -2 + -4 - 2/(-1). Let v be a/(-10) + (-13)/(-5). Suppose 10 = v*b - 5. What is the units digit of b?
5
Let w be (-3)/(-15) + 92/(-10). Let v = w + 10. Let f = v - -19. What is the tens digit of f?
2
Let t(x) = 3*x - 2. Let b be t(2). Let y = 2 + b. What is the units digit of y?
6
Let m(h) = -h + 1. Let j(s) = 5*s - 4. Let d(u) = -j(u) - 2*m(u). What is the units digit of d(-2)?
8
Let z(n) = 14*n - 2. Let r(h) = -h**2 + 14*h + 19. Let l be r(15). What is the tens digit of z(l)?
5
Let z(i) = i**3 - 8*i**2 + 2*i - 9. Suppose -3*m + 24 = -0*m. What is the units digit of z(m)?
7
Suppose 11 = 3*k + 5*b, k + 2*b - 1 = 3. Let o = 4 + k. What is the units digit of o?
6
Let b(f) = -2 - 5*f + 0 + 11*f**2 - 6*f**2 + 6. What is the tens digit of b(3)?
3
Let r = 32 - 16. Suppose 3*i - 29 - r = 0. What is the tens digit of i?
1
Suppose 5*w - 231 = 219. What is the units digit of w?
0
Let m(c) = c**2 + c - 5. Suppose -a + 5 = 4*a. Let u = a + -5. What is the units digit of m(u)?
7
Suppose 8*p - 3*p = 140. What is the tens digit of p?
2
Let i(o) be the third derivative of o**6/360 - o**4/12 - o**3/3 - 2*o**2. Let x(d) be the first derivative of i(d). What is the units digit of x(-3)?
7
Suppose -2*q - 4 = -14, 4*a - 47 = -3*q. What is the tens digit of (8/a)/((-2)/(-64))?
3
Let j = 442 + -99. What is the units digit of j?
3
Suppose 3*v - 3*w - 1 = 131, 9 = 3*w. What is the tens digit of v?
4
Suppose 2*j = -0*j - 56. Suppose -7*a + 231 = -91. Let t = j + a. What is the tens digit of t?
1
Suppose -9*s + 126 = -3*s. What is the tens digit of s?
2
Let u(b) = -7*b - 5. Let h(r) = 8*r + 6. Let j(o) = -6*h(o) - 7*u(o). Let d be j(2). Suppose c - d = 1. What is the units digit of c?
2
Let z(l) be the second derivative of -l**5/5 + l**3/6 - 2*l. Let c be z(-1). Suppose -2*k = -c*w - 5*k + 30, 3*w + 5*k = 38. What is the units digit of w?
6
Suppose -3*d + 5*y = -11, 2*d - 3*y = 5*d - 3. Suppose 2*z = -d*z. Suppose -g + z*g = -12. What is the units digit of g?
2
Suppose -l = -v + 2, -3*v + 0*l + 6 = -l. What is the units digit of v?
2
Let t be -4*2/(1 + 1). Let z = t - -14. What is the units digit of z?
0
Let d(m) = -m**2 + 8*m + 3. Suppose -4*t = 4*z - 2*t - 30, 0 = 5*z - t - 41. What is the units digit of d(z)?
3
Let n = 1056 - 748. What is the tens digit of n?
0
Suppose -2*z - 37 = -2*k - k, -2*k + 24 = -z. What is the units digit of k?
1
Suppose 2*x - 4 = -0. Suppose 0*i = -x*i. Suppose i = -4*j + 3 + 17. What is the units digit of j?
5
Suppose 5*x - 209 = -u, -2*x + u + 78 = -0*u. What is the tens digit of x?
4
Suppose 0 = x + 4*x - 100. What is the tens digit of x?
2
What is the units digit of 3/(-3) - (3 - 7)?
3
Suppose 13*f = 8*f + 575. What is the tens digit of f?
1
Let o(t) be the first derivative of t**3/3 - t + 1. Let n be (-6)/(-27) + (-75)/(-27). What is the units digit of o(n)?
8
What is the hundreds digit of -4 - (2 - (249 + -5))?
2
Let q(g) = -2*g - 2. Let b be q(-16). Let n = b - -1. What is the tens digit of n?
3
Let c(h) = -h - h**3 + h**3 - 1 - 3*h**2 - h**3. Let x = 22 + -25. What is the units digit of c(x)?
2
Let v(a) = 16*a**2 + 21*a + 6. Let s(g) = 3*